{"id":308,"date":"2026-01-02T18:32:56","date_gmt":"2026-01-02T18:32:56","guid":{"rendered":"https:\/\/stale-swann-cg.zipwp.xyz\/?page_id=308"},"modified":"2026-01-02T18:32:56","modified_gmt":"2026-01-02T18:32:56","slug":"services","status":"publish","type":"page","link":"https:\/\/szablony.maciejdoman.net\/szablon15\/services\/","title":{"rendered":"Services"},"content":{"rendered":"\n<div class=\"wp-block-uagb-container uagb-block-0a3c038c alignfull uagb-is-root-container\"><div class=\"uagb-container-inner-blocks-wrap\">\n<div class=\"wp-block-uagb-advanced-heading uagb-block-68c7b934\"><p class=\"uagb-desc-text\">Us\u0142ugi<\/p><h1 class=\"uagb-heading-text\">Skuteczne rozwi\u0105zania webowe dla firm<\/h1><\/div>\n\n\n\n<div class=\"wp-block-uagb-container uagb-layout-grid uagb-block-a3676eea\">\n<div class=\"wp-block-uagb-image uagb-block-edde58d1 wp-block-uagb-image--layout-default wp-block-uagb-image--effect-static wp-block-uagb-image--align-none\"><figure class=\"wp-block-uagb-image__figure\"><img decoding=\"async\" src=\"https:\/\/szablony.maciejdoman.net\/szablon15\/wp-content\/uploads\/sites\/19\/2026\/01\/black-computer-keyboard-duhkov44prg.jpeg\" alt=\"black-computer-keyboard-duhkov44prg\" class=\"uag-image-541\" width=\"384\" height=\"400\" title=\"services-img-01\" loading=\"lazy\" role=\"img\" \/><\/figure><\/div>\n\n\n\n<div class=\"wp-block-uagb-image uagb-block-18e746cf wp-block-uagb-image--layout-default wp-block-uagb-image--effect-static wp-block-uagb-image--align-none\"><figure class=\"wp-block-uagb-image__figure\"><img decoding=\"async\" src=\"https:\/\/szablony.maciejdoman.net\/szablon15\/wp-content\/uploads\/sites\/19\/2026\/01\/turned-on-monitor-displaying-digital-products-pkrnxegurgm.jpeg\" alt=\"turned-on-monitor-displaying-digital-products-pkrnxegurgm\" class=\"uag-image-545\" width=\"792\" height=\"400\" title=\"services-img-02\" loading=\"lazy\" role=\"img\" \/><\/figure><\/div>\n<\/div>\n<\/div><\/div>\n\n\n\n<div class=\"wp-block-uagb-container uagb-block-fed54b80 alignfull uagb-is-root-container\"><div class=\"uagb-container-inner-blocks-wrap\">\n<div class=\"wp-block-uagb-container uagb-layout-flex uagb-block-ed311a7c\">\n<div class=\"wp-block-uagb-container uagb-block-3a8c119f\">\n<div class=\"wp-block-uagb-image uagb-block-ddbd9e45 wp-block-uagb-image--layout-default wp-block-uagb-image--effect-static wp-block-uagb-image--align-none\"><figure class=\"wp-block-uagb-image__figure\"><img decoding=\"async\" src=\"https:\/\/szablony.maciejdoman.net\/szablon15\/wp-content\/uploads\/sites\/19\/2026\/01\/focus-photo-of-black-and-white-laptop-computer-turned-on-ra5mu4pxnwe.jpeg\" alt=\"Today I was working with Figma a lot for a client project. Figima is a wonderful web design mockup application that\u2019s available in the browser and in amazing native applications. Through this, I was able to whip up some amazing mockups that really pleased my client.\" class=\"uag-image-539\" width=\"384\" height=\"384\" title=\"services-01\" loading=\"lazy\" role=\"img\" \/><\/figure><\/div>\n<\/div>\n\n\n\n<div class=\"wp-block-uagb-advanced-heading uagb-block-339a551b\"><h2 class=\"uagb-heading-text\">Projektowanie stron<\/h2><p class=\"uagb-desc-text\">Tworzymy profesjonalne strony internetowe skoncentrowane na lokalnym SEO, co zwi\u0119ksza widoczno\u015b\u0107 Twojej firmy w internecie i przyci\u0105ga klient\u00f3w z okolicy.<\/p><\/div>\n<\/div>\n\n\n\n<div class=\"wp-block-uagb-container uagb-layout-flex uagb-block-e3cbdd5a\">\n<div class=\"wp-block-uagb-advanced-heading uagb-block-22da41b3\"><h2 class=\"uagb-heading-text\">Optymalizacja SEO<\/h2><p class=\"uagb-desc-text\">Oferujemy kompleksowe us\u0142ugi optymalizacji istniej\u0105cych stron pod k\u0105tem lokalnego SEO, kt\u00f3re poprawiaj\u0105 pozycjonowanie w wyszukiwarkach i wspieraj\u0105 pozyskiwanie klient\u00f3w.<\/p><\/div>\n\n\n\n<div class=\"wp-block-uagb-container uagb-block-3dc7c3df\">\n<div class=\"wp-block-uagb-image uagb-block-020572fe wp-block-uagb-image--layout-default wp-block-uagb-image--effect-static wp-block-uagb-image--align-none\"><figure class=\"wp-block-uagb-image__figure\"><img decoding=\"async\" src=\"https:\/\/szablony.maciejdoman.net\/szablon15\/wp-content\/uploads\/sites\/19\/2026\/01\/two-computer-flat-screen-monitors-turned-on-777001.jpeg\" alt=\"Dual monitors with blue lighting on a gaming desk setup.\" class=\"uag-image-548\" width=\"384\" height=\"384\" title=\"services-02\" loading=\"lazy\" role=\"img\" \/><\/figure><\/div>\n<\/div>\n<\/div>\n\n\n\n<div class=\"wp-block-uagb-container uagb-layout-flex uagb-block-31775b11\">\n<div class=\"wp-block-uagb-container uagb-block-a3ed3ed0\">\n<div class=\"wp-block-uagb-image uagb-block-f11abffd wp-block-uagb-image--layout-default wp-block-uagb-image--effect-static wp-block-uagb-image--align-none\"><figure class=\"wp-block-uagb-image__figure\"><img decoding=\"async\" src=\"https:\/\/szablony.maciejdoman.net\/szablon15\/wp-content\/uploads\/sites\/19\/2026\/01\/man-in-glasses-working-on-pc-at-table-16129700.jpeg\" alt=\"Man working on web design at home office setup with dual monitors.\" class=\"uag-image-540\" width=\"384\" height=\"384\" title=\"services-03\" loading=\"lazy\" role=\"img\" \/><\/figure><\/div>\n<\/div>\n\n\n\n<div class=\"wp-block-uagb-advanced-heading uagb-block-b69879f8\"><h2 class=\"uagb-heading-text\">Prowadzenie wizyt\u00f3wek Google<\/h2><p class=\"uagb-desc-text\">Zajmujemy si\u0119 optymalizacj\u0105 i zarz\u0105dzaniem wizyt\u00f3wkami Google Business Profile, co zwi\u0119ksza widoczno\u015b\u0107 w mapach Google i lokalnych wynikach wyszukiwania.<\/p><\/div>\n<\/div>\n\n\n\n<div class=\"wp-block-uagb-container uagb-layout-flex uagb-block-1bab1fb0\">\n<div class=\"wp-block-uagb-advanced-heading uagb-block-082fd9d8\"><h2 class=\"uagb-heading-text\">Audyt i analiza<\/h2><p class=\"uagb-desc-text\">Przeprowadzamy szczeg\u00f3\u0142owe audyty stron internetowych, oferuj\u0105c praktyczne rekomendacje dotycz\u0105ce poprawy SEO i skuteczno\u015bci marketingowej.<\/p><\/div>\n\n\n\n<div class=\"wp-block-uagb-container uagb-block-10d75c79\">\n<div class=\"wp-block-uagb-image uagb-block-5657b21e wp-block-uagb-image--layout-default wp-block-uagb-image--effect-static wp-block-uagb-image--align-none\"><figure class=\"wp-block-uagb-image__figure\"><img decoding=\"async\" src=\"https:\/\/szablony.maciejdoman.net\/szablon15\/wp-content\/uploads\/sites\/19\/2026\/01\/turned-on-imac-beside-macbook-on-table-39284.jpeg\" alt=\"A sleek office desk setup featuring Apple devices: iMac, MacBook, and iPad.\" class=\"uag-image-546\" width=\"384\" height=\"384\" title=\"services-04\" loading=\"lazy\" role=\"img\" \/><\/figure><\/div>\n<\/div>\n<\/div>\n<\/div><\/div>\n\n\n\n<div class=\"wp-block-uagb-container uagb-block-e460d63f alignfull uagb-is-root-container\"><div class=\"uagb-container-inner-blocks-wrap\">\n<div class=\"wp-block-uagb-info-box uagb-block-2d9e82ad uagb-infobox__content-wrap  uagb-infobox-icon-above-title uagb-infobox-image-valign-top wp-block-uagb-info-box--has-margin\"><div class=\"uagb-infobox-margin-wrapper\"><div class=\"uagb-ifb-content\"><div class=\"uagb-ifb-title-wrap\"><div class=\"uagb-ifb-separator\"><\/div><h2 class=\"uagb-ifb-title\">Nie czekaj, skontaktuj si\u0119 z nami ju\u017c dzi\u015b!<\/h2><\/div><p class=\"uagb-ifb-desc\">Pomagamy lokalnym firmom skutecznie rozwija\u0107 ich dzia\u0142alno\u015b\u0107 online. Do\u0142\u0105cz do nas.<\/p><div class=\"uagb-ifb-button-wrapper wp-block-button\"><a href=\"\/contact\/\" class=\"uagb-infobox-cta-link wp-block-button__link\" target=\"_self\" rel=\"noopener noreferrer\" onclick=\"return true;\"><span class=\"uagb-inline-editing\">Zacznij teraz<\/span><\/a><\/div><\/div><\/div><\/div>\n<\/div><\/div>\n","protected":false},"excerpt":{"rendered":"<p>Us\u0142ugi Skuteczne rozwi\u0105zania webowe dla firm Projektowanie stron Tworzymy profesjonalne strony internetowe skoncentrowane na lokalnym SEO, co zwi\u0119ksza widoczno\u015b\u0107 Twojej [&hellip;]<\/p>\n","protected":false},"author":1,"featured_media":0,"parent":0,"menu_order":0,"comment_status":"closed","ping_status":"closed","template":"","meta":{"_uag_custom_page_level_css":"","site-sidebar-layout":"default","site-content-layout":"","ast-site-content-layout":"default","site-content-style":"default","site-sidebar-style":"default","ast-global-header-display":"","ast-banner-title-visibility":"","ast-main-header-display":"","ast-hfb-above-header-display":"","ast-hfb-below-header-display":"","ast-hfb-mobile-header-display":"","site-post-title":"disabled","ast-breadcrumbs-content":"","ast-featured-img":"","footer-sml-layout":"","ast-disable-related-posts":"","theme-transparent-header-meta":"","adv-header-id-meta":"","stick-header-meta":"","header-above-stick-meta":"","header-main-stick-meta":"","header-below-stick-meta":"","astra-migrate-meta-layouts":"default","ast-page-background-enabled":"default","ast-page-background-meta":{"desktop":{"background-color":"var(--ast-global-color-5)","background-image":"","background-repeat":"repeat","background-position":"center center","background-size":"auto","background-attachment":"scroll","background-type":"","background-media":"","overlay-type":"","overlay-color":"","overlay-opacity":"","overlay-gradient":""},"tablet":{"background-color":"","background-image":"","background-repeat":"repeat","background-position":"center center","background-size":"auto","background-attachment":"scroll","background-type":"","background-media":"","overlay-type":"","overlay-color":"","overlay-opacity":"","overlay-gradient":""},"mobile":{"background-color":"","background-image":"","background-repeat":"repeat","background-position":"center center","background-size":"auto","background-attachment":"scroll","background-type":"","background-media":"","overlay-type":"","overlay-color":"","overlay-opacity":"","overlay-gradient":""}},"ast-content-background-meta":{"desktop":{"background-color":"var(--ast-global-color-4)","background-image":"","background-repeat":"repeat","background-position":"center center","background-size":"auto","background-attachment":"scroll","background-type":"","background-media":"","overlay-type":"","overlay-color":"","overlay-opacity":"","overlay-gradient":""},"tablet":{"background-color":"var(--ast-global-color-4)","background-image":"","background-repeat":"repeat","background-position":"center center","background-size":"auto","background-attachment":"scroll","background-type":"","background-media":"","overlay-type":"","overlay-color":"","overlay-opacity":"","overlay-gradient":""},"mobile":{"background-color":"var(--ast-global-color-4)","background-image":"","background-repeat":"repeat","background-position":"center center","background-size":"auto","background-attachment":"scroll","background-type":"","background-media":"","overlay-type":"","overlay-color":"","overlay-opacity":"","overlay-gradient":""}},"footnotes":""},"class_list":["post-308","page","type-page","status-publish","hentry"],"uagb_featured_image_src":{"full":false,"thumbnail":false,"medium":false,"medium_large":false,"large":false,"1536x1536":false,"2048x2048":false},"uagb_author_info":{"display_name":"maciej.doman","author_link":"https:\/\/szablony.maciejdoman.net\/szablon15\/author\/maciej-doman\/"},"uagb_comment_info":0,"uagb_excerpt":"Us\u0142ugi Skuteczne rozwi\u0105zania webowe dla firm Projektowanie stron Tworzymy profesjonalne strony internetowe skoncentrowane na lokalnym SEO, co zwi\u0119ksza widoczno\u015b\u0107 Twojej [&hellip;]","_links":{"self":[{"href":"https:\/\/szablony.maciejdoman.net\/szablon15\/wp-json\/wp\/v2\/pages\/308","targetHints":{"allow":["GET"]}}],"collection":[{"href":"https:\/\/szablony.maciejdoman.net\/szablon15\/wp-json\/wp\/v2\/pages"}],"about":[{"href":"https:\/\/szablony.maciejdoman.net\/szablon15\/wp-json\/wp\/v2\/types\/page"}],"author":[{"embeddable":true,"href":"https:\/\/szablony.maciejdoman.net\/szablon15\/wp-json\/wp\/v2\/users\/1"}],"replies":[{"embeddable":true,"href":"https:\/\/szablony.maciejdoman.net\/szablon15\/wp-json\/wp\/v2\/comments?post=308"}],"version-history":[{"count":0,"href":"https:\/\/szablony.maciejdoman.net\/szablon15\/wp-json\/wp\/v2\/pages\/308\/revisions"}],"wp:attachment":[{"href":"https:\/\/szablony.maciejdoman.net\/szablon15\/wp-json\/wp\/v2\/media?parent=308"}],"curies":[{"name":"wp","href":"https:\/\/api.w.org\/{rel}","templated":true}]}}