{"id":23,"date":"2026-01-03T22:40:47","date_gmt":"2026-01-03T22:40:47","guid":{"rendered":"https:\/\/warden-wagnon-3i6.zipwp.link\/?page_id=23"},"modified":"2026-01-03T22:40:47","modified_gmt":"2026-01-03T22:40:47","slug":"home","status":"publish","type":"page","link":"https:\/\/szablony.maciejdoman.net\/szablon13\/","title":{"rendered":"Home"},"content":{"rendered":"\n<div class=\"wp-block-uagb-container uagb-block-002b066a alignfull uagb-is-root-container\"><div class=\"uagb-container-inner-blocks-wrap\">\n<div class=\"wp-block-uagb-info-box uagb-block-020aa9fb uagb-infobox__content-wrap  uagb-infobox-icon-above-title uagb-infobox-image-valign-top\"><div class=\"uagb-ifb-content\"><div class=\"uagb-ifb-title-wrap\"><h1 class=\"uagb-ifb-title\">Kompleksowe us\u0142ugi ksi\u0119gowe w UK<\/h1><\/div><p class=\"uagb-ifb-desc\">Zaufaj Domel i skorzystaj z profesjonalnej obs\u0142ugi ksi\u0119gowej w j\u0119zyku polskim, dostosowanej do potrzeb polskich przedsi\u0119biorc\u00f3w w Wielkiej Brytanii.<\/p><div class=\"uagb-ifb-button-wrapper wp-block-button\"><a href=\"\/szablon13\/contact\/\" class=\"uagb-infobox-cta-link wp-block-button__link\" target=\"_self\" rel=\"noopener noreferrer\"><span class=\"uagb-inline-editing\">Skontaktuj si\u0119 z nami<\/span><\/a><\/div><\/div><\/div>\n<\/div><\/div>\n\n\n\n<div class=\"wp-block-uagb-container uagb-block-349952cb alignfull uagb-is-root-container\"><div class=\"uagb-container-inner-blocks-wrap\">\n<div class=\"wp-block-uagb-advanced-heading uagb-block-98fae1a9\"><p class=\"uagb-desc-text\">O nas<\/p><h2 class=\"uagb-heading-text\">Nasza pasja do wsparcia przedsi\u0119biorc\u00f3w w UK<\/h2><\/div>\n\n\n\n<div class=\"wp-block-uagb-container uagb-layout-grid uagb-block-34d14daa\">\n<div class=\"wp-block-uagb-image uagb-block-609ba47a wp-block-uagb-image--layout-default wp-block-uagb-image--effect-static wp-block-uagb-image--align-none\"><figure class=\"wp-block-uagb-image__figure\"><img decoding=\"async\" src=\"https:\/\/szablony.maciejdoman.net\/szablon13\/wp-content\/uploads\/sites\/17\/2026\/01\/businessman-man-woman-desk-6694485.jpeg\" alt=\"Hands counting money at a workspace with a laptop, calculator, and financial documents.\" class=\"uag-image-289\" width=\"570\" height=\"350\" title=\"who-we-are\" loading=\"lazy\" role=\"img\" \/><\/figure><\/div>\n\n\n\n<div class=\"wp-block-uagb-info-box uagb-block-c7594f7e uagb-infobox__content-wrap  uagb-infobox-icon-above-title uagb-infobox-image-valign-top\"><div class=\"uagb-ifb-content\"><div class=\"uagb-ifb-title-wrap\"><h3 class=\"uagb-ifb-title\">Tw\u00f3j partner w rachunkowo\u015bci<\/h3><\/div><p class=\"uagb-ifb-desc\">Domel zrealizowa\u0142 ponad 1000 poprawnych rozlicze\u0144 dla polskich firm, zapewniaj\u0105c klientom bezpiecze\u0144stwo i pe\u0142ne zrozumienie przepis\u00f3w podatkowych w Wielkiej Brytanii.<\/p><div class=\"uagb-ifb-button-wrapper wp-block-button\"><a href=\"\/szablon13\/about\/\" class=\"uagb-infobox-cta-link wp-block-button__link\" target=\"_self\" rel=\"noopener noreferrer\"><span class=\"uagb-inline-editing\">Dowiedz si\u0119 wi\u0119cej<\/span><\/a><\/div><\/div><\/div>\n<\/div>\n<\/div><\/div>\n\n\n\n<div class=\"wp-block-uagb-container uagb-block-22d76302 alignfull uagb-is-root-container\"><div class=\"uagb-container-inner-blocks-wrap\">\n<div class=\"wp-block-uagb-advanced-heading uagb-block-c1d8e908\"><p class=\"uagb-desc-text\">Nasze osi\u0105gni\u0119cia<\/p><h2 class=\"uagb-heading-text\">Statystyki naszej pracy<\/h2><\/div>\n\n\n\n<div class=\"wp-block-uagb-container uagb-layout-flex uagb-block-7614dca2\">\n<div class=\"wp-block-uagb-container uagb-block-5f2c715b\">\n<div class=\"wp-block-uagb-advanced-heading uagb-block-5ee05e4b\"><p class=\"uagb-desc-text\">Wska\u017anik satysfakcji klient\u00f3w<\/p><h2 class=\"uagb-heading-text\">98%<\/h2><\/div>\n<\/div>\n\n\n\n<div class=\"wp-block-uagb-container uagb-block-4bbfc7e7\">\n<div class=\"wp-block-uagb-advanced-heading uagb-block-59bb69e9\"><p class=\"uagb-desc-text\">Lata do\u015bwiadczenia<\/p><h2 class=\"uagb-heading-text\">12<\/h2><\/div>\n<\/div>\n\n\n\n<div class=\"wp-block-uagb-container uagb-block-6b1f9eb5\">\n<div class=\"wp-block-uagb-advanced-heading uagb-block-6571359a\"><p class=\"uagb-desc-text\">Uko\u0144czone projekty<\/p><h2 class=\"uagb-heading-text\">120<\/h2><\/div>\n<\/div>\n\n\n\n<div class=\"wp-block-uagb-container uagb-block-af17e84a\">\n<div class=\"wp-block-uagb-advanced-heading uagb-block-9c7cb4bf\"><p class=\"uagb-desc-text\">Szcz\u0119\u015bliwi pracownicy<\/p><h2 class=\"uagb-heading-text\">80<\/h2><\/div>\n<\/div>\n<\/div>\n<\/div><\/div>\n\n\n\n<div class=\"wp-block-uagb-container uagb-block-c0fb7094 alignfull uagb-is-root-container\"><div class=\"uagb-container-inner-blocks-wrap\"><\/div><\/div>\n\n\n\n<div class=\"wp-block-uagb-container uagb-block-af7d66f0 alignfull uagb-is-root-container\"><div class=\"uagb-container-inner-blocks-wrap\">\n<div class=\"wp-block-uagb-container uagb-layout-grid uagb-block-bf4da21b\">\n<div class=\"wp-block-uagb-advanced-heading uagb-block-914e7639\"><p class=\"uagb-desc-text\">Us\u0142ugi<\/p><h2 class=\"uagb-heading-text\">Nasze kluczowe us\u0142ugi ksi\u0119gowe<\/h2><\/div>\n\n\n\n<div class=\"wp-block-uagb-buttons uagb-buttons__outer-wrap uagb-btn__default-btn uagb-btn-tablet__default-btn uagb-btn-mobile__default-btn uagb-block-8638d52d\"><div class=\"uagb-buttons__wrap uagb-buttons-layout-wrap \">\n<div class=\"wp-block-uagb-buttons-child uagb-buttons__outer-wrap uagb-block-dee7f221 wp-block-button\"><div class=\"uagb-button__wrapper\"><a class=\"uagb-buttons-repeater wp-block-button__link\" aria-label=\"\" href=\"\/szablon13\/services\/\" rel=\"follow noopener\" target=\"_self\" role=\"button\"><div class=\"uagb-button__link\">Skontaktuj si\u0119 z nami<\/div><\/a><\/div><\/div>\n<\/div><\/div>\n<\/div>\n\n\n\n<div class=\"wp-block-uagb-container uagb-block-450293a1\">\n<div class=\"wp-block-uagb-container uagb-block-112179aa\">\n<div class=\"wp-block-uagb-info-box uagb-block-7b5c8a96 uagb-infobox__content-wrap  uagb-infobox-icon-above-title uagb-infobox-image-valign-top\"><div class=\"uagb-ifb-content\"><div class=\"uagb-ifb-title-wrap\"><h3 class=\"uagb-ifb-title-prefix\">01<\/h3><h4 class=\"uagb-ifb-title\">Sp\u00f3\u0142ki LTD<\/h4><\/div><div class=\"uagb-ifb-separator\"><\/div><p class=\"uagb-ifb-desc\">Pe\u0142na obs\u0142uga dla sp\u00f3\u0142ek Limited.<\/p><\/div><\/div>\n\n\n\n<div class=\"wp-block-uagb-image uagb-block-63095145 wp-block-uagb-image--layout-default wp-block-uagb-image--effect-static wp-block-uagb-image--align-none\"><figure class=\"wp-block-uagb-image__figure\"><img decoding=\"async\" src=\"https:\/\/szablony.maciejdoman.net\/szablon13\/wp-content\/uploads\/sites\/17\/2026\/01\/office-business-accountant-620822.jpg\" alt=\"office, business, accountant, accounting, notebook, mobile phone, smart phone, keyboard, woman, laptop, technology, office, office, business, business, business, business, business, accounting, mobile phone, laptop, laptop, laptop, technology, technology, technology\" class=\"uag-image-291\" width=\"320\" height=\"200\" title=\"services-05\" loading=\"lazy\" role=\"img\" \/><\/figure><\/div>\n<\/div>\n\n\n\n<div class=\"wp-block-uagb-container uagb-block-803833a6\">\n<div class=\"wp-block-uagb-info-box uagb-block-0f80da1c uagb-infobox__content-wrap  uagb-infobox-icon-above-title uagb-infobox-image-valign-top\"><div class=\"uagb-ifb-content\"><div class=\"uagb-ifb-title-wrap\"><h3 class=\"uagb-ifb-title-prefix\">02<\/h3><h4 class=\"uagb-ifb-title\">Self-Employed<\/h4><\/div><div class=\"uagb-ifb-separator\"><\/div><p class=\"uagb-ifb-desc\">Obs\u0142uga os\u00f3b samozatrudnionych.<\/p><\/div><\/div>\n\n\n\n<div class=\"wp-block-uagb-image uagb-block-fce8d1b5 wp-block-uagb-image--layout-default wp-block-uagb-image--effect-static wp-block-uagb-image--align-none\"><figure class=\"wp-block-uagb-image__figure\"><img decoding=\"async\" src=\"https:\/\/szablony.maciejdoman.net\/szablon13\/wp-content\/uploads\/sites\/17\/2026\/01\/man-office-businessman-accounting-6874914.jpg\" alt=\"man, office, businessman, accounting, working, marketing, ceo, manager, accounting, ceo, ceo, ceo, ceo, ceo, manager, manager\" class=\"uag-image-297\" width=\"320\" height=\"200\" title=\"services-04\" loading=\"lazy\" role=\"img\" \/><\/figure><\/div>\n<\/div>\n\n\n\n<div class=\"wp-block-uagb-container uagb-block-38004ded\">\n<div class=\"wp-block-uagb-info-box uagb-block-f5aae900 uagb-infobox__content-wrap  uagb-infobox-icon-above-title uagb-infobox-image-valign-top\"><div class=\"uagb-ifb-content\"><div class=\"uagb-ifb-title-wrap\"><h3 class=\"uagb-ifb-title-prefix\">03<\/h3><h4 class=\"uagb-ifb-title\">Payroll<\/h4><\/div><div class=\"uagb-ifb-separator\"><\/div><p class=\"uagb-ifb-desc\">Pe\u0142na obs\u0142uga list p\u0142ac.<\/p><\/div><\/div>\n\n\n\n<div class=\"wp-block-uagb-image uagb-block-2c1a6652 wp-block-uagb-image--layout-default wp-block-uagb-image--effect-static wp-block-uagb-image--align-none\"><figure class=\"wp-block-uagb-image__figure\"><img decoding=\"async\" src=\"https:\/\/szablony.maciejdoman.net\/szablon13\/wp-content\/uploads\/sites\/17\/2026\/01\/working-woman-in-white-long-sleeve-shirt-3783879.jpeg\" alt=\"Focused woman working in a modern office filled with files and equipment.\" class=\"uag-image-296\" width=\"320\" height=\"200\" title=\"services-01\" loading=\"lazy\" role=\"img\" \/><\/figure><\/div>\n<\/div>\n<\/div>\n<\/div><\/div>\n\n\n\n<div class=\"wp-block-uagb-container uagb-block-e3b6ed32 alignfull uagb-is-root-container\"><div class=\"uagb-container-inner-blocks-wrap\">\n<div class=\"wp-block-uagb-container uagb-layout-grid uagb-block-3de62160\">\n<div class=\"wp-block-uagb-advanced-heading uagb-block-743f5c97\"><h2 class=\"uagb-heading-text\">Dlaczego warto wybra\u0107 Domel?<\/h2><\/div>\n\n\n\n<div class=\"wp-block-uagb-advanced-heading uagb-block-39248ce2\"><p class=\"uagb-heading-text\">Proponujemy niezawodne i kompleksowe rozwi\u0105zania ksi\u0119gowe, kt\u00f3re u\u0142atwiaj\u0105 prowadzenie firmy w UK dla polskich przedsi\u0119biorc\u00f3w.<\/p><\/div>\n<\/div>\n\n\n\n<div class=\"wp-block-uagb-container uagb-layout-grid uagb-block-41fed7da\">\n<div class=\"wp-block-uagb-container uagb-layout-flex uagb-block-f760b6b7\">\n<div class=\"wp-block-uagb-info-box uagb-block-0800ade1 uagb-infobox__content-wrap  uagb-infobox-icon-above-title uagb-infobox-image-valign-top\"><div class=\"uagb-ifb-content\"><div class=\"uagb-ifb-icon-wrap\"><\/div><div class=\"uagb-ifb-title-wrap\"><p class=\"uagb-ifb-title\">Bezpiecze\u0144stwo<\/p><\/div><p class=\"uagb-ifb-desc\">Dbamy o Twoje finanse i zgodno\u015b\u0107 z przepisami.<\/p><\/div><\/div>\n\n\n\n<div class=\"wp-block-uagb-info-box uagb-block-2b976927 uagb-infobox__content-wrap  uagb-infobox-icon-above-title uagb-infobox-image-valign-top\"><div class=\"uagb-ifb-content\"><div class=\"uagb-ifb-icon-wrap\"><\/div><div class=\"uagb-ifb-title-wrap\"><p class=\"uagb-ifb-title\">Wysoka jako\u015b\u0107<\/p><\/div><p class=\"uagb-ifb-desc\">Do\u015bwiadczenie i profesjonalizm zapewniaj\u0105 najlepsze rezultaty.<\/p><\/div><\/div>\n<\/div>\n\n\n\n<div class=\"wp-block-uagb-image uagb-block-4e991b1b wp-block-uagb-image--layout-default wp-block-uagb-image--effect-static wp-block-uagb-image--align-none\"><figure class=\"wp-block-uagb-image__figure\"><img decoding=\"async\" src=\"https:\/\/szablony.maciejdoman.net\/szablon13\/wp-content\/uploads\/sites\/17\/2026\/01\/person-in-long-sleeve-shirt-holding-a-calculator-8297031.jpeg\" alt=\"Close-up of person using a calculator with financial documents in an office.\" class=\"uag-image-294\" width=\"570\" height=\"470\" title=\"services-03\" loading=\"lazy\" role=\"img\" \/><\/figure><\/div>\n<\/div>\n<\/div><\/div>\n\n\n\n<div class=\"wp-block-uagb-container uagb-block-34fb66a9 alignfull uagb-is-root-container\"><div class=\"uagb-container-inner-blocks-wrap\">      \n\t\t\t<div class=\"uagb-icon-wrapper uagb-block-384df3a9      \"\n\t\t\tstyle=\"\" >\n\t\t\t\t\t\t\t\t\t<span class=\"uagb-svg-wrapper\" \n\t\t\t\t\t aria-label=\"quote-left\"\t\t\t\t\ttabindex=\"0\">\t\t\n\t\t\t\t\t\t\t\t\t\t<svg xmlns=\"https:\/\/www.w3.org\/2000\/svg\" viewBox= \"0 0 448 512\" role=\"graphics-symbol\" aria-hidden=\"false\" aria-label=\"\"><path d=\"M96 224C84.72 224 74.05 226.3 64 229.9V224c0-35.3 28.7-64 64-64c17.67 0 32-14.33 32-32S145.7 96 128 96C57.42 96 0 153.4 0 224v96c0 53.02 42.98 96 96 96s96-42.98 96-96S149 224 96 224zM352 224c-11.28 0-21.95 2.305-32 5.879V224c0-35.3 28.7-64 64-64c17.67 0 32-14.33 32-32s-14.33-32-32-32c-70.58 0-128 57.42-128 128v96c0 53.02 42.98 96 96 96s96-42.98 96-96S405 224 352 224z\"><\/path><\/svg>\n\t\t\t\t\t\t\t\t\t<\/span>\n\t\t\t\t\t\t\t<\/div>\n\t\t\t\n\n\n<div class=\"wp-block-uagb-testimonial uagb-slick-carousel uagb-tm__arrow-outside uagb-block-4df8e2a7\"><div class=\"is-carousel uagb-tm__columns-1 uagb-tm__items\"><div class=\"uagb-testimonial__wrap  uagb-tm__imgicon-style-circle uagb-tm__image-position-bottom uagb-tm__bg-type-none \"><div class=\"uagb-tm__content\"><div class=\"uagb-tm__overlay\"><\/div><div class=\"uagb-tm__text-wrap\"><div class=\"uagb-tm__desc\">Dzi\u0119ki Domel mog\u0142em skoncentrowa\u0107 si\u0119 na rozwijaniu swojego biznesu, a oni zaj\u0119li si\u0119 wszystkim innym. Gor\u0105co polecam!<\/div><div class=\"uagb-tm__meta-inner\"><div class=\"uagb-tm__image-content\"><div class=\"uagb-tm__image\"><img decoding=\"async\" class=\"uagb-tm-img-src\" src=\"https:\/\/szablony.maciejdoman.net\/szablon13\/wp-content\/uploads\/sites\/17\/2024\/06\/testimonial-skip-01.jpg\" alt=\"\" width=\"60\" height=\"60\" loading=\"lazy\" \/><\/div><\/div><div class=\"uagb-testimonial-details\"><span class=\"uagb-tm__author-name\">Jakub Nowak<\/span><span class=\"uagb-tm__company\">Nazwa firmy<\/span><\/div><\/div><\/div><\/div><\/div><div class=\"uagb-testimonial__wrap  uagb-tm__imgicon-style-circle uagb-tm__image-position-bottom uagb-tm__bg-type-none \"><div class=\"uagb-tm__content\"><div class=\"uagb-tm__overlay\"><\/div><div class=\"uagb-tm__text-wrap\"><div class=\"uagb-tm__desc\">Obs\u0142uga w j\u0119zyku polskim znacznie u\u0142atwi\u0142a mi zarz\u0105dzanie finansami firmy w UK. Jestem bardzo zadowolona z wsp\u00f3\u0142pracy!<\/div><div class=\"uagb-tm__meta-inner\"><div class=\"uagb-tm__image-content\"><div class=\"uagb-tm__image\"><img decoding=\"async\" class=\"uagb-tm-img-src\" src=\"https:\/\/szablony.maciejdoman.net\/szablon13\/wp-content\/uploads\/sites\/17\/2024\/06\/testimonial-skip-02.jpg\" alt=\"\" width=\"60\" height=\"60\" loading=\"lazy\" \/><\/div><\/div><div class=\"uagb-testimonial-details\"><span class=\"uagb-tm__author-name\">Anna Kowalska<\/span><span class=\"uagb-tm__company\">Nazwa firmy<\/span><\/div><\/div><\/div><\/div><\/div><div class=\"uagb-testimonial__wrap  uagb-tm__imgicon-style-circle uagb-tm__image-position-bottom uagb-tm__bg-type-none \"><div class=\"uagb-tm__content\"><div class=\"uagb-tm__overlay\"><\/div><div class=\"uagb-tm__text-wrap\"><div class=\"uagb-tm__desc\">Domel nie tylko pom\u00f3g\u0142 mi w rozliczeniach, ale r\u00f3wnie\u017c dostarczy\u0142 cennych wskaz\u00f3wek dotycz\u0105cych podatk\u00f3w. To prawdziwy partner w biznesie!<\/div><div class=\"uagb-tm__meta-inner\"><div class=\"uagb-tm__image-content\"><div class=\"uagb-tm__image\"><img decoding=\"async\" class=\"uagb-tm-img-src\" src=\"https:\/\/szablony.maciejdoman.net\/szablon13\/wp-content\/uploads\/sites\/17\/2024\/06\/testimonial-skip-03.jpg\" alt=\"\" width=\"60\" height=\"60\" loading=\"lazy\" \/><\/div><\/div><div class=\"uagb-testimonial-details\"><span class=\"uagb-tm__author-name\">Marta Wi\u015bniewska<\/span><span class=\"uagb-tm__company\">Nazwa firmy<\/span><\/div><\/div><\/div><\/div><\/div><\/div><\/div>\n<\/div><\/div>\n\n\n\n<div class=\"wp-block-uagb-container uagb-block-35937d88 alignfull uagb-is-root-container\"><div class=\"uagb-container-inner-blocks-wrap\">\n<div class=\"wp-block-uagb-info-box uagb-block-710ed4f3 uagb-infobox__content-wrap  uagb-infobox-icon-above-title uagb-infobox-image-valign-top\"><div class=\"uagb-ifb-content\"><div class=\"uagb-ifb-title-wrap\"><h2 class=\"uagb-ifb-title\">Nie czekaj, skontaktuj si\u0119 z nami ju\u017c dzi\u015b!<\/h2><\/div><p class=\"uagb-ifb-desc\">Zyskaj pe\u0142ne wsparcie ksi\u0119gowe, kt\u00f3re pomo\u017ce Twojemu biznesowi prosperowa\u0107 w Wielkiej Brytanii. Jeste\u015bmy tutaj, aby pom\u00f3c!<\/p><div class=\"uagb-ifb-button-wrapper wp-block-button\"><a href=\"\/szablon13\/contact\/\" class=\"uagb-infobox-cta-link wp-block-button__link\" target=\"_self\" rel=\"noopener noreferrer\"><span class=\"uagb-inline-editing\">Skontaktuj si\u0119 z nami<\/span><\/a><\/div><\/div><\/div>\n<\/div><\/div>\n","protected":false},"excerpt":{"rendered":"<p>O nas Nasza pasja do wsparcia przedsi\u0119biorc\u00f3w w UK Nasze osi\u0105gni\u0119cia Statystyki naszej pracy Wska\u017anik satysfakcji klient\u00f3w 98% Lata do\u015bwiadczenia [&hellip;]<\/p>\n","protected":false},"author":1,"featured_media":0,"parent":0,"menu_order":0,"comment_status":"closed","ping_status":"closed","template":"","meta":{"_uag_custom_page_level_css":"","site-sidebar-layout":"default","site-content-layout":"","ast-site-content-layout":"default","site-content-style":"default","site-sidebar-style":"default","ast-global-header-display":"","ast-banner-title-visibility":"","ast-main-header-display":"","ast-hfb-above-header-display":"","ast-hfb-below-header-display":"","ast-hfb-mobile-header-display":"","site-post-title":"disabled","ast-breadcrumbs-content":"","ast-featured-img":"","footer-sml-layout":"","ast-disable-related-posts":"","theme-transparent-header-meta":"enabled","adv-header-id-meta":"","stick-header-meta":"","header-above-stick-meta":"","header-main-stick-meta":"","header-below-stick-meta":"","astra-migrate-meta-layouts":"default","ast-page-background-enabled":"default","ast-page-background-meta":{"desktop":{"background-color":"var(--ast-global-color-5)","background-image":"","background-repeat":"repeat","background-position":"center center","background-size":"auto","background-attachment":"scroll","background-type":"","background-media":"","overlay-type":"","overlay-color":"","overlay-opacity":"","overlay-gradient":""},"tablet":{"background-color":"","background-image":"","background-repeat":"repeat","background-position":"center center","background-size":"auto","background-attachment":"scroll","background-type":"","background-media":"","overlay-type":"","overlay-color":"","overlay-opacity":"","overlay-gradient":""},"mobile":{"background-color":"","background-image":"","background-repeat":"repeat","background-position":"center center","background-size":"auto","background-attachment":"scroll","background-type":"","background-media":"","overlay-type":"","overlay-color":"","overlay-opacity":"","overlay-gradient":""}},"ast-content-background-meta":{"desktop":{"background-color":"var(--ast-global-color-4)","background-image":"","background-repeat":"repeat","background-position":"center center","background-size":"auto","background-attachment":"scroll","background-type":"","background-media":"","overlay-type":"","overlay-color":"","overlay-opacity":"","overlay-gradient":""},"tablet":{"background-color":"var(--ast-global-color-4)","background-image":"","background-repeat":"repeat","background-position":"center center","background-size":"auto","background-attachment":"scroll","background-type":"","background-media":"","overlay-type":"","overlay-color":"","overlay-opacity":"","overlay-gradient":""},"mobile":{"background-color":"var(--ast-global-color-4)","background-image":"","background-repeat":"repeat","background-position":"center center","background-size":"auto","background-attachment":"scroll","background-type":"","background-media":"","overlay-type":"","overlay-color":"","overlay-opacity":"","overlay-gradient":""}},"footnotes":""},"class_list":["post-23","page","type-page","status-publish","hentry"],"uagb_featured_image_src":{"full":false,"thumbnail":false,"medium":false,"medium_large":false,"large":false,"1536x1536":false,"2048x2048":false},"uagb_author_info":{"display_name":"maciej.doman","author_link":"https:\/\/szablony.maciejdoman.net\/szablon13\/author\/maciej-doman\/"},"uagb_comment_info":0,"uagb_excerpt":"O nas Nasza pasja do wsparcia przedsi\u0119biorc\u00f3w w UK Nasze osi\u0105gni\u0119cia Statystyki naszej pracy Wska\u017anik satysfakcji klient\u00f3w 98% Lata do\u015bwiadczenia [&hellip;]","_links":{"self":[{"href":"https:\/\/szablony.maciejdoman.net\/szablon13\/wp-json\/wp\/v2\/pages\/23","targetHints":{"allow":["GET"]}}],"collection":[{"href":"https:\/\/szablony.maciejdoman.net\/szablon13\/wp-json\/wp\/v2\/pages"}],"about":[{"href":"https:\/\/szablony.maciejdoman.net\/szablon13\/wp-json\/wp\/v2\/types\/page"}],"author":[{"embeddable":true,"href":"https:\/\/szablony.maciejdoman.net\/szablon13\/wp-json\/wp\/v2\/users\/1"}],"replies":[{"embeddable":true,"href":"https:\/\/szablony.maciejdoman.net\/szablon13\/wp-json\/wp\/v2\/comments?post=23"}],"version-history":[{"count":0,"href":"https:\/\/szablony.maciejdoman.net\/szablon13\/wp-json\/wp\/v2\/pages\/23\/revisions"}],"wp:attachment":[{"href":"https:\/\/szablony.maciejdoman.net\/szablon13\/wp-json\/wp\/v2\/media?parent=23"}],"curies":[{"name":"wp","href":"https:\/\/api.w.org\/{rel}","templated":true}]}}