{"id":38,"date":"2026-01-03T22:44:51","date_gmt":"2026-01-03T22:44:51","guid":{"rendered":"https:\/\/punny-perot-0l8q.zipwp.site\/?page_id=38"},"modified":"2026-01-03T22:44:51","modified_gmt":"2026-01-03T22:44:51","slug":"services","status":"publish","type":"page","link":"https:\/\/szablony.maciejdoman.net\/szablon12\/services\/","title":{"rendered":"Services"},"content":{"rendered":"\n<div class=\"wp-block-uagb-container uagb-layout-grid uagb-block-4762f4b2 alignfull uagb-is-root-container\"><div class=\"uagb-container-inner-blocks-wrap\">\n<div class=\"wp-block-uagb-image uagb-block-f53e923c wp-block-uagb-image--layout-default wp-block-uagb-image--effect-static wp-block-uagb-image--align-none\"><figure class=\"wp-block-uagb-image__figure\"><img decoding=\"async\" src=\"https:\/\/szablony.maciejdoman.net\/szablon12\/wp-content\/uploads\/sites\/16\/2026\/01\/person-holding-black-calculator-while-using-laptop-8296981.jpeg\" alt=\"A business professional uses a calculator among documents and laptop on a desk for financial tasks.\" class=\"uag-image-303\" width=\"600\" height=\"500\" title=\"services-hero\" loading=\"lazy\" role=\"img\" \/><\/figure><\/div>\n\n\n\n<div class=\"wp-block-uagb-advanced-heading uagb-block-e982e89f\"><p class=\"uagb-desc-text\">Us\u0142ugi<\/p><h1 class=\"uagb-heading-text\">Kompleksowa obs\u0142uga ksi\u0119gowa dla firm<\/h1><\/div>\n<\/div><\/div>\n\n\n\n<div class=\"wp-block-uagb-container uagb-block-3021a606 alignfull uagb-is-root-container\"><div class=\"uagb-container-inner-blocks-wrap\">\n<div class=\"wp-block-uagb-container uagb-block-91685bb0\">\n<div class=\"wp-block-uagb-container uagb-layout-grid uagb-block-9d217181\">\n<div class=\"wp-block-uagb-advanced-heading uagb-block-d45faac6\"><p class=\"uagb-desc-text\">01.<\/p><h2 class=\"uagb-heading-text\">Obs\u0142uga sp\u00f3\u0142ek LTD<\/h2><\/div>\n\n\n\n<div class=\"wp-block-uagb-advanced-heading uagb-block-2ec08a9c\"><p class=\"uagb-heading-text\">Nasza specjalno\u015b\u0107 to kompleksowa obs\u0142uga sp\u00f3\u0142ek Limited (LTD). Oferujemy pe\u0142ne prowadzenie ksi\u0119gowo\u015bci, przygotowywanie rocznych sprawozda\u0144 finansowych oraz wspomaganie w przygotowaniu deklaracji podatkowych. Gwarantujemy zgodno\u015b\u0107 z przepisami brytyjskimi oraz terminowe sk\u0142adanie dokument\u00f3w. Dzi\u0119ki naszym us\u0142ugom, w\u0142a\u015bciciele sp\u00f3\u0142ek mog\u0105 skupi\u0107 si\u0119 na rozwijaniu swojego biznesu, maj\u0105c pewno\u015b\u0107, \u017ce ich sprawy finansowe s\u0105 w r\u0119kach ekspert\u00f3w.<\/p><\/div>\n<\/div>\n\n\n\n<div class=\"wp-block-uagb-image uagb-block-9d6f500d wp-block-uagb-image--layout-default wp-block-uagb-image--effect-static wp-block-uagb-image--align-none\"><figure class=\"wp-block-uagb-image__figure\"><img decoding=\"async\" src=\"https:\/\/szablony.maciejdoman.net\/szablon12\/wp-content\/uploads\/sites\/16\/2026\/01\/person-in-long-sleeve-shirt-holding-a-calculator-8297031.jpeg\" alt=\"Close-up of person using a calculator with financial documents in an office.\" class=\"uag-image-301\" width=\"1200\" height=\"400\" title=\"services-01\" loading=\"lazy\" role=\"img\" \/><\/figure><\/div>\n<\/div>\n\n\n\n<div class=\"wp-block-uagb-container uagb-block-338ba2c5\">\n<div class=\"wp-block-uagb-container uagb-layout-grid uagb-block-271b79a6\">\n<div class=\"wp-block-uagb-advanced-heading uagb-block-7537c3bc\"><p class=\"uagb-desc-text\">02.<\/p><h2 class=\"uagb-heading-text\">Obs\u0142uga Self-Employed<\/h2><\/div>\n\n\n\n<div class=\"wp-block-uagb-advanced-heading uagb-block-cca94cc6\"><p class=\"uagb-heading-text\">W ramach naszej oferty zapewniamy pe\u0142n\u0105 obs\u0142ug\u0119 klient\u00f3w samozatrudnionych. Oferujemy pomoc w prowadzeniu ksi\u0105g przychod\u00f3w i rozchod\u00f3w, rozliczania podatku dochodowego oraz ewidencjonowania wydatk\u00f3w. Nasz zesp\u00f3\u0142 profesjonalist\u00f3w doradzi, jak maksymalnie wykorzysta\u0107 dost\u0119pne ulgi podatkowe, a tak\u017ce zapewni, \u017ce wszystkie zobowi\u0105zania b\u0119d\u0105 realizowane w terminie. Dzi\u0119ki naszym us\u0142ugom, klienci mog\u0105 skoncentrowa\u0107 si\u0119 na rozwoju swojej dzia\u0142alno\u015bci.<\/p><\/div>\n<\/div>\n\n\n\n<div class=\"wp-block-uagb-image uagb-block-7f3770d5 wp-block-uagb-image--layout-default wp-block-uagb-image--effect-static wp-block-uagb-image--align-none\"><figure class=\"wp-block-uagb-image__figure\"><img decoding=\"async\" src=\"https:\/\/szablony.maciejdoman.net\/szablon12\/wp-content\/uploads\/sites\/16\/2026\/01\/two-women-near-tables-gfrbmipod-e.jpeg\" alt=\"two-women-near-tables-gfrbmipod-e\" class=\"uag-image-299\" width=\"1200\" height=\"400\" title=\"services-02\" loading=\"lazy\" role=\"img\" \/><\/figure><\/div>\n<\/div>\n\n\n\n<div class=\"wp-block-uagb-container uagb-block-95dfc84a\">\n<div class=\"wp-block-uagb-container uagb-layout-grid uagb-block-776b2c37\">\n<div class=\"wp-block-uagb-advanced-heading uagb-block-4e7a7260\"><p class=\"uagb-desc-text\">03.<\/p><h2 class=\"uagb-heading-text\">Konsultacje ksi\u0119gowe online<\/h2><\/div>\n\n\n\n<div class=\"wp-block-uagb-advanced-heading uagb-block-54fbfb9a\"><p class=\"uagb-heading-text\">Oferujemy konsultacje ksi\u0119gowe online, kt\u00f3re s\u0105 idealnym rozwi\u0105zaniem dla przedsi\u0119biorc\u00f3w potrzebuj\u0105cych elastycznych i wygodnych form wsparcia. Nasze us\u0142ugi obejmuj\u0105 doradztwo w zakresie przepis\u00f3w podatkowych, odpowiedzi na pytania dotycz\u0105ce ksi\u0119gowo\u015bci oraz pomoc przy tworzeniu dokumentacji. Dzi\u0119ki platformie online klienci mog\u0105 nawi\u0105za\u0107 kontakt z naszymi ekspertami w dogodnym dla siebie czasie, co u\u0142atwia rozwi\u0105zanie wszelkich problem\u00f3w ksi\u0119gowych.<\/p><\/div>\n<\/div>\n\n\n\n<div class=\"wp-block-uagb-image uagb-block-e864c29b wp-block-uagb-image--layout-default wp-block-uagb-image--effect-static wp-block-uagb-image--align-none\"><figure class=\"wp-block-uagb-image__figure\"><img decoding=\"async\" src=\"https:\/\/szablony.maciejdoman.net\/szablon12\/wp-content\/uploads\/sites\/16\/2026\/01\/person-using-a-calculator-and-a-laptop-8296991.jpeg\" alt=\"Person calculating at desk with laptop and notebook. Ideal for business and finance themes.\" class=\"uag-image-302\" width=\"1200\" height=\"400\" title=\"services-03\" loading=\"lazy\" role=\"img\" \/><\/figure><\/div>\n<\/div>\n\n\n\n<div class=\"wp-block-uagb-container uagb-block-e294921f\">\n<div class=\"wp-block-uagb-container uagb-layout-grid uagb-block-80558722\">\n<div class=\"wp-block-uagb-advanced-heading uagb-block-7ed094e6\"><p class=\"uagb-desc-text\">04.<\/p><h2 class=\"uagb-heading-text\">Rozliczenia VAT<\/h2><\/div>\n\n\n\n<div class=\"wp-block-uagb-advanced-heading uagb-block-5175c3c0\"><p class=\"uagb-heading-text\">Specjalizujemy si\u0119 w kompleksowym przygotowywaniu rozlicze\u0144 VAT dla polskich firm dzia\u0142aj\u0105cych w UK. Zapewniamy terminowe sk\u0142adanie deklaracji VAT, monitorowanie zobowi\u0105za\u0144 oraz doradztwo w zakresie zwrot\u00f3w VAT. Nasz zesp\u00f3\u0142 \u015bledzi zmiany w przepisach podatkowych, co pozwala naszym klientom unikn\u0105\u0107 niepotrzebnych kar i b\u0142\u0119d\u00f3w. Dzi\u0119ki naszym us\u0142ugom, klienci mog\u0105 mie\u0107 pewno\u015b\u0107, \u017ce ich rozliczenia VAT s\u0105 prowadzone w spos\u00f3b zgodny z przepisami.<\/p><\/div>\n<\/div>\n\n\n\n<div class=\"wp-block-uagb-image uagb-block-f7cf0525 wp-block-uagb-image--layout-default wp-block-uagb-image--effect-static wp-block-uagb-image--align-none\"><figure class=\"wp-block-uagb-image__figure\"><img decoding=\"async\" src=\"https:\/\/szablony.maciejdoman.net\/szablon12\/wp-content\/uploads\/sites\/16\/2026\/01\/focused-woman-working-using-laptop-3791130.jpeg\" alt=\"A dedicated female freelancer working on a laptop from her home office.\" class=\"uag-image-293\" width=\"1200\" height=\"400\" title=\"services-04\" loading=\"lazy\" role=\"img\" \/><\/figure><\/div>\n<\/div>\n\n\n\n<div class=\"wp-block-uagb-container uagb-block-0a4d1da2\">\n<div class=\"wp-block-uagb-container uagb-layout-grid uagb-block-7b185183\">\n<div class=\"wp-block-uagb-advanced-heading uagb-block-db867f8d\"><p class=\"uagb-desc-text\">05.<\/p><h2 class=\"uagb-heading-text\">Payroll i listy p\u0142ac<\/h2><\/div>\n\n\n\n<div class=\"wp-block-uagb-advanced-heading uagb-block-0a77177f\"><p class=\"uagb-heading-text\">Profesjonalnie zajmujemy si\u0119 obs\u0142ug\u0105 payroll, czyli przygotowaniem list p\u0142ac dla pracownik\u00f3w naszych klient\u00f3w. Oferujemy pe\u0142n\u0105 obs\u0142ug\u0119 wynagrodze\u0144, w tym obliczanie wynagrodze\u0144, sporz\u0105dzanie raport\u00f3w oraz realizacj\u0119 obowi\u0105zk\u00f3w wobec HMRC. Zapewniamy, \u017ce wszystkie p\u0142atno\u015bci s\u0105 wykonywane na czas, co umo\u017cliwia naszym klientom unikni\u0119cie problem\u00f3w zwi\u0105zanych z zatrudnieniem i podatkami. Dzi\u0119ki nam, przedsi\u0119biorcy mog\u0105 skupi\u0107 si\u0119 na zarz\u0105dzaniu zespo\u0142em, maj\u0105c pewno\u015b\u0107, \u017ce kwestie p\u0142acowe s\u0105 w r\u0119kach specjalist\u00f3w.<\/p><\/div>\n<\/div>\n\n\n\n<div class=\"wp-block-uagb-image uagb-block-d3f988fb wp-block-uagb-image--layout-default wp-block-uagb-image--effect-static wp-block-uagb-image--align-none\"><figure class=\"wp-block-uagb-image__figure\"><img decoding=\"async\" src=\"https:\/\/szablony.maciejdoman.net\/szablon12\/wp-content\/uploads\/sites\/16\/2026\/01\/accountant-counting-money-210990.jpeg\" alt=\"Businessman organizing finances with tech devices and cash on desk.\" class=\"uag-image-295\" width=\"1200\" height=\"400\" title=\"services-05\" loading=\"lazy\" role=\"img\" \/><\/figure><\/div>\n<\/div>\n<\/div><\/div>\n\n\n\n<div class=\"wp-block-uagb-container uagb-layout-grid uagb-block-c9588d80 alignfull uagb-is-root-container\"><div class=\"uagb-container-inner-blocks-wrap\">\n<div class=\"wp-block-uagb-info-box uagb-block-1ba1e529 uagb-infobox__content-wrap  uagb-infobox-icon-above-title uagb-infobox-image-valign-top\"><div class=\"uagb-ifb-content\"><div class=\"uagb-ifb-title-wrap\"><span class=\"uagb-ifb-title-prefix\">Skontaktuj si\u0119 z nami<\/span><h2 class=\"uagb-ifb-title\">Zacznij dzia\u0142a\u0107 z nami ju\u017c dzi\u015b!<\/h2><\/div><p class=\"uagb-ifb-desc\">Domel to ekspert w zakresie ksi\u0119gowo\u015bci dla polskich firm w UK, z ponad 10-letnim do\u015bwiadczeniem i setkami zadowolonych klient\u00f3w.<\/p><div class=\"uagb-ifb-button-wrapper wp-block-button\"><a href=\"\/contact\/\" class=\"uagb-infobox-cta-link wp-block-button__link\" target=\"_self\" rel=\"noopener noreferrer\" onclick=\"return true;\"><span class=\"uagb-inline-editing\">Skontaktuj si\u0119 z nami<\/span><\/a><\/div><\/div><\/div>\n\n\n\n<div class=\"wp-block-uagb-image alignright uagb-block-f77e26e1 wp-block-uagb-image--layout-default wp-block-uagb-image--effect-static wp-block-uagb-image--align-right\"><figure class=\"wp-block-uagb-image__figure\"><img decoding=\"async\" srcset=\"https:\/\/szablony.maciejdoman.net\/szablon12\/wp-content\/uploads\/sites\/16\/2026\/01\/accounting-audit-construction-woman-7222737.jpg ,https:\/\/szablony.maciejdoman.net\/szablon12\/wp-content\/uploads\/sites\/16\/2026\/01\/accounting-audit-construction-woman-7222737.jpg 780w, https:\/\/szablony.maciejdoman.net\/szablon12\/wp-content\/uploads\/sites\/16\/2026\/01\/accounting-audit-construction-woman-7222737.jpg 360w\" sizes=\"auto, (max-width: 480px) 150px\" src=\"https:\/\/szablony.maciejdoman.net\/szablon12\/wp-content\/uploads\/sites\/16\/2026\/01\/accounting-audit-construction-woman-7222737.jpg\" alt=\"accounting, audit, construction, woman, beauty\" class=\"uag-image-300\" width=\"560\" height=\"480\" title=\"footer-cta\" loading=\"lazy\" role=\"img\"\/><\/figure><\/div>\n<\/div><\/div>\n","protected":false},"excerpt":{"rendered":"<p>Us\u0142ugi Kompleksowa obs\u0142uga ksi\u0119gowa dla firm 01. Obs\u0142uga sp\u00f3\u0142ek LTD Nasza specjalno\u015b\u0107 to kompleksowa obs\u0142uga sp\u00f3\u0142ek Limited (LTD). Oferujemy pe\u0142ne [&hellip;]<\/p>\n","protected":false},"author":1,"featured_media":0,"parent":0,"menu_order":0,"comment_status":"closed","ping_status":"closed","template":"","meta":{"_uag_custom_page_level_css":"","site-sidebar-layout":"default","site-content-layout":"","ast-site-content-layout":"default","site-content-style":"default","site-sidebar-style":"default","ast-global-header-display":"","ast-banner-title-visibility":"","ast-main-header-display":"","ast-hfb-above-header-display":"","ast-hfb-below-header-display":"","ast-hfb-mobile-header-display":"","site-post-title":"disabled","ast-breadcrumbs-content":"","ast-featured-img":"","footer-sml-layout":"","ast-disable-related-posts":"","theme-transparent-header-meta":"","adv-header-id-meta":"","stick-header-meta":"","header-above-stick-meta":"","header-main-stick-meta":"","header-below-stick-meta":"","astra-migrate-meta-layouts":"default","ast-page-background-enabled":"default","ast-page-background-meta":{"desktop":{"background-color":"var(--ast-global-color-5)","background-image":"","background-repeat":"repeat","background-position":"center center","background-size":"auto","background-attachment":"scroll","background-type":"","background-media":"","overlay-type":"","overlay-color":"","overlay-opacity":"","overlay-gradient":""},"tablet":{"background-color":"","background-image":"","background-repeat":"repeat","background-position":"center center","background-size":"auto","background-attachment":"scroll","background-type":"","background-media":"","overlay-type":"","overlay-color":"","overlay-opacity":"","overlay-gradient":""},"mobile":{"background-color":"","background-image":"","background-repeat":"repeat","background-position":"center center","background-size":"auto","background-attachment":"scroll","background-type":"","background-media":"","overlay-type":"","overlay-color":"","overlay-opacity":"","overlay-gradient":""}},"ast-content-background-meta":{"desktop":{"background-color":"var(--ast-global-color-4)","background-image":"","background-repeat":"repeat","background-position":"center center","background-size":"auto","background-attachment":"scroll","background-type":"","background-media":"","overlay-type":"","overlay-color":"","overlay-opacity":"","overlay-gradient":""},"tablet":{"background-color":"var(--ast-global-color-4)","background-image":"","background-repeat":"repeat","background-position":"center center","background-size":"auto","background-attachment":"scroll","background-type":"","background-media":"","overlay-type":"","overlay-color":"","overlay-opacity":"","overlay-gradient":""},"mobile":{"background-color":"var(--ast-global-color-4)","background-image":"","background-repeat":"repeat","background-position":"center center","background-size":"auto","background-attachment":"scroll","background-type":"","background-media":"","overlay-type":"","overlay-color":"","overlay-opacity":"","overlay-gradient":""}},"footnotes":""},"class_list":["post-38","page","type-page","status-publish","hentry"],"uagb_featured_image_src":{"full":false,"thumbnail":false,"medium":false,"medium_large":false,"large":false,"1536x1536":false,"2048x2048":false},"uagb_author_info":{"display_name":"maciej.doman","author_link":"https:\/\/szablony.maciejdoman.net\/szablon12\/author\/maciej-doman\/"},"uagb_comment_info":0,"uagb_excerpt":"Us\u0142ugi Kompleksowa obs\u0142uga ksi\u0119gowa dla firm 01. Obs\u0142uga sp\u00f3\u0142ek LTD Nasza specjalno\u015b\u0107 to kompleksowa obs\u0142uga sp\u00f3\u0142ek Limited (LTD). Oferujemy pe\u0142ne [&hellip;]","_links":{"self":[{"href":"https:\/\/szablony.maciejdoman.net\/szablon12\/wp-json\/wp\/v2\/pages\/38","targetHints":{"allow":["GET"]}}],"collection":[{"href":"https:\/\/szablony.maciejdoman.net\/szablon12\/wp-json\/wp\/v2\/pages"}],"about":[{"href":"https:\/\/szablony.maciejdoman.net\/szablon12\/wp-json\/wp\/v2\/types\/page"}],"author":[{"embeddable":true,"href":"https:\/\/szablony.maciejdoman.net\/szablon12\/wp-json\/wp\/v2\/users\/1"}],"replies":[{"embeddable":true,"href":"https:\/\/szablony.maciejdoman.net\/szablon12\/wp-json\/wp\/v2\/comments?post=38"}],"version-history":[{"count":0,"href":"https:\/\/szablony.maciejdoman.net\/szablon12\/wp-json\/wp\/v2\/pages\/38\/revisions"}],"wp:attachment":[{"href":"https:\/\/szablony.maciejdoman.net\/szablon12\/wp-json\/wp\/v2\/media?parent=38"}],"curies":[{"name":"wp","href":"https:\/\/api.w.org\/{rel}","templated":true}]}}